{"id":31,"date":"2013-08-08T13:05:06","date_gmt":"2013-08-08T13:05:06","guid":{"rendered":"http:\/\/www.amus-campina.ro\/?page_id=31"},"modified":"2025-09-13T13:14:46","modified_gmt":"2025-09-13T11:14:46","slug":"inscriere-scoala-postliceala","status":"publish","type":"page","link":"https:\/\/www.amus-campina.ro\/?page_id=31","title":{"rendered":"CUM MA INSCRIU?"},"content":{"rendered":"<h1 align=\"center\"><span style=\"color: #ff0000;\">\u00a0<\/span><\/h1>\n<h2 style=\"text-align: center;\"><span style=\"color: #ff0000;\"><strong>INSCRIERE<\/strong><\/span><\/h2>\n<p>\u00censcrierile pentru calificarile profesionale\u00a0ASISTENT MEDICAL GENERALIST\u00a0 \u015fi ASISTENT MEDICAL DE FARMACIE\u00a0se fac in perioada: 12<strong>\u00a0iunie \u2013 05 septembrie 2025<\/strong><\/p>\n<p>LA SEDIUL \u015eCOLII: BULEVARDUL NICOLAE B\u0102LCESCU NR. 5, MUNICIPIUL C\u00c2MPINA, \u00een cartierul Slobozia.<\/p>\n<p>Pentru \u00eenscriere sunt necesare urm\u0103toarele acte:<\/p>\n<h3><span style=\"color: #ff0000;\">&#8211;\u00a0\u00a0\u00a0\u00a0\u00a0\u00a0\u00a0\u00a0<strong>\u00a0 Copie carte\/ buletin de identitate<\/strong><\/span><\/h3>\n<h3><span style=\"color: #ff0000;\"><strong>&#8211;\u00a0\u00a0\u00a0\u00a0\u00a0\u00a0\u00a0\u00a0\u00a0 Copie certificat de na\u015ftere<\/strong><\/span><\/h3>\n<h3><span style=\"color: #ff0000;\"><strong>&#8211;\u00a0\u00a0\u00a0\u00a0\u00a0\u00a0\u00a0\u00a0\u00a0 Copie certificat de c\u0103s\u0103torie (dac\u0103 este cazul)<\/strong><\/span><\/h3>\n<h3><span style=\"color: #ff0000;\"><strong>&#8211;\u00a0\u00a0\u00a0\u00a0\u00a0\u00a0\u00a0\u00a0\u00a0 Diploma de bacalaureat sau adeverin\u0163a de absolvire 12 clase (copie \u015fi original)<\/strong><\/span><\/h3>\n<h3><span style=\"color: #ff0000;\"><strong>&#8211;\u00a0\u00a0\u00a0\u00a0\u00a0\u00a0\u00a0\u00a0\u00a0 Adeverin\u0163a de la medicul de familie<\/strong><\/span><\/h3>\n<h3><span style=\"color: #ff0000;\"><strong>&#8211;\u00a0\u00a0\u00a0\u00a0\u00a0\u00a0\u00a0\u00a0\u00a0 2 fotografii tip diplom\u0103<\/strong><\/span><\/h3>\n<h3><span style=\"color: #ff0000;\"><strong>&#8211;\u00a0\u00a0\u00a0\u00a0\u00a0\u00a0\u00a0\u00a0<a href=\"http:\/\/www.amus-campina.ro\/wp-content\/uploads\/2018\/08\/cerere-inscriere-2018.pdf\">\u00a0 <\/a><\/strong><\/span><a href=\"http:\/\/www.amus-campina.ro\/wp-content\/uploads\/2018\/08\/cerere-inscriere-2018.pdf\"><span style=\"color: #000080;\"><strong><span style=\"color: #000080;\">Cerere de \u00eenscriere<\/span><\/strong><\/span><\/a><span style=\"color: #ff0000;\"><strong> (se completeaz\u0103 la secretariatul \u015fcolii sau descarca <span style=\"color: #000080;\"><a href=\"http:\/\/www.amus-campina.ro\/wp-content\/uploads\/2018\/08\/cerere-inscriere-2018.pdf\"><span style=\"color: #000080;\">aici<\/span><\/a><\/span>\u00a0) \u00a0 \u00a0 \u00a0 \u00a0 \u00a0<\/strong><\/span><\/h3>\n<h3><span style=\"color: #ff0000;\"><strong>&#8211;\u00a0\u00a0\u00a0\u00a0\u00a0\u00a0\u00a0\u00a0\u00a0 Taxa de \u00eenscriere (se pl\u0103te\u015fte la caseria \u015fcolii)<\/strong><\/span><\/h3>\n<h3><strong>Pentru informa\u0163ii suplimentare, se poate suna la numerele: 0244374942 \/ 0766284915 \/ 0766284916 \u00a0sau accesati pagina <span style=\"color: #000080;\"><a href=\"http:\/\/www.amus-campina.ro\/?page_id=68\"><span style=\"color: #000080;\">contact<\/span><\/a><\/span><\/strong><\/h3>\n<h2 align=\"center\"><span style=\"color: #ff0000;\"><strong>CINE SE POATE \u00ceNSCRIE LA \u015eCOALA POSTLICEAL\u0102 LOUIS PASTEUR ?<\/strong><\/span><\/h2>\n<h3>Se poate \u00eenscrie la \u015ecoala Postliceal\u0103 Louis Pasteur C\u00e2mpina orice absolvent de liceu, indiferent dac\u0103 a promovat sau nu examenul de bacalaureat.<\/h3>\n<p>&nbsp;<\/p>\n<h2 style=\"text-align: center;\"><span style=\"color: #ff0000;\"><strong>TREBUIE S\u0102 IAU BACALAUREATUL P\u00c2N\u0102 LA SF\u00c2R\u015eITUL \u015eCOLII POSTLICEALE, CA S\u0102 \u00ceMI IAU DIPLOMA ?<\/strong><\/span><\/h2>\n<p>Diploma de absolvent al \u015fcolii postliceale se elibereaz\u0103 tuturor absolven\u0163ilor care au promovat examenul de\u00a0certificare a calificarii profesionale. Penru \u00eenscrierea la examenul final\u00a0\u015fi pentru eliberarea diplomei de absolvent al \u015fcolii postliceale <strong>NU ESTE OBLIGATORIU CA ELEVUL S\u0102 IA BACALAUREATUL<\/strong>\u00a0.<\/p>\n<p style=\"text-align: center;\"><span style=\"color: #ff0000;\"><strong>\u00a0<\/strong><\/span><\/p>\n","protected":false},"excerpt":{"rendered":"<p>\u00a0 INSCRIERE \u00censcrierile pentru calificarile profesionale\u00a0ASISTENT MEDICAL GENERALIST\u00a0 \u015fi ASISTENT MEDICAL DE FARMACIE\u00a0se fac in perioada: 12\u00a0iunie \u2013 05 septembrie 2025 LA SEDIUL \u015eCOLII: BULEVARDUL NICOLAE B\u0102LCESCU NR. 5, MUNICIPIUL C\u00c2MPINA, \u00een cartierul Slobozia. Pentru \u00eenscriere sunt necesare urm\u0103toarele acte: &#8211;\u00a0\u00a0\u00a0\u00a0\u00a0\u00a0\u00a0\u00a0\u00a0 Copie carte\/ buletin de identitate &#8211;\u00a0\u00a0\u00a0\u00a0\u00a0\u00a0\u00a0\u00a0\u00a0 Copie certificat de na\u015ftere &#8211;\u00a0\u00a0\u00a0\u00a0\u00a0\u00a0\u00a0\u00a0\u00a0 Copie certificat de &hellip; <a href=\"https:\/\/www.amus-campina.ro\/?page_id=31\" class=\"more-link\">Cite\u0219te \u00een continuare <span class=\"screen-reader-text\">CUM MA INSCRIU?<\/span> <span class=\"meta-nav\">&rarr;<\/span><\/a><\/p>\n","protected":false},"author":1,"featured_media":0,"parent":9,"menu_order":1,"comment_status":"open","ping_status":"open","template":"","meta":[],"_links":{"self":[{"href":"https:\/\/www.amus-campina.ro\/index.php?rest_route=\/wp\/v2\/pages\/31"}],"collection":[{"href":"https:\/\/www.amus-campina.ro\/index.php?rest_route=\/wp\/v2\/pages"}],"about":[{"href":"https:\/\/www.amus-campina.ro\/index.php?rest_route=\/wp\/v2\/types\/page"}],"author":[{"embeddable":true,"href":"https:\/\/www.amus-campina.ro\/index.php?rest_route=\/wp\/v2\/users\/1"}],"replies":[{"embeddable":true,"href":"https:\/\/www.amus-campina.ro\/index.php?rest_route=%2Fwp%2Fv2%2Fcomments&post=31"}],"version-history":[{"count":39,"href":"https:\/\/www.amus-campina.ro\/index.php?rest_route=\/wp\/v2\/pages\/31\/revisions"}],"predecessor-version":[{"id":953,"href":"https:\/\/www.amus-campina.ro\/index.php?rest_route=\/wp\/v2\/pages\/31\/revisions\/953"}],"up":[{"embeddable":true,"href":"https:\/\/www.amus-campina.ro\/index.php?rest_route=\/wp\/v2\/pages\/9"}],"wp:attachment":[{"href":"https:\/\/www.amus-campina.ro\/index.php?rest_route=%2Fwp%2Fv2%2Fmedia&parent=31"}],"curies":[{"name":"wp","href":"https:\/\/api.w.org\/{rel}","templated":true}]}}