{"id":34,"date":"2013-08-08T13:12:48","date_gmt":"2013-08-08T13:12:48","guid":{"rendered":"http:\/\/www.amus-campina.ro\/?page_id=34"},"modified":"2013-09-22T16:32:16","modified_gmt":"2013-09-22T14:32:16","slug":"clubul-sportiv-amus","status":"publish","type":"page","link":"https:\/\/www.amus-campina.ro\/?page_id=34","title":{"rendered":"CLUBUL SPORTIV AMUS"},"content":{"rendered":"<p>\u00cencep\u00e2nd cu iarna anului 2013, ASOCIA\u0162IA MUTUAL\u0102 AMUS FRANCE ROUMANIE a demarat un proiect care s\u0103 vin\u0103 \u00een \u00eent\u00e2mpinarea nevoilor tineretului de organizare a timpului liber. Astfel, am \u00eencercat s\u0103 dezvolt\u0103m \u015fi alte sporturi \u00eentr-o zon\u0103 geografic\u0103 favorizat\u0103, pe de o parte, de o clim\u0103 bun\u0103 pentru desf\u0103\u015furarea sporturilor \u00een aer liber, iar pe de alt\u0103 parte, de o pozi\u0163ie geografic\u0103 bun\u0103, la poalele muntelui, av\u00e2nd posibilitatea dezvolt\u0103rii at\u00e2t a sporturilor de iarn\u0103 , c\u00e2t \u015fi a sporturilor legate de drume\u0163ie \u015fi aer liber.<\/p>\n<p>\u00cencep\u00e2nd cu anul 2013, s-au \u00eenfiin\u0163at sec\u0163iile de <strong>SKI ALPIN, CICLISM SI ATLETISM<\/strong>, proiectul clubului fiind acela de a dezvolta \u015fi alte sec\u0163ii, precum echita\u0163ie, scrim\u0103, etc<\/p>\n","protected":false},"excerpt":{"rendered":"<p>\u00cencep\u00e2nd cu iarna anului 2013, ASOCIA\u0162IA MUTUAL\u0102 AMUS FRANCE ROUMANIE a demarat un proiect care s\u0103 vin\u0103 \u00een \u00eent\u00e2mpinarea nevoilor tineretului de organizare a timpului liber. Astfel, am \u00eencercat s\u0103 dezvolt\u0103m \u015fi alte sporturi \u00eentr-o zon\u0103 geografic\u0103 favorizat\u0103, pe de o parte, de o clim\u0103 bun\u0103 pentru desf\u0103\u015furarea sporturilor \u00een aer liber, iar pe de &hellip; <a href=\"https:\/\/www.amus-campina.ro\/?page_id=34\" class=\"more-link\">Cite\u0219te \u00een continuare <span class=\"screen-reader-text\">CLUBUL SPORTIV AMUS<\/span> <span class=\"meta-nav\">&rarr;<\/span><\/a><\/p>\n","protected":false},"author":1,"featured_media":0,"parent":0,"menu_order":5,"comment_status":"open","ping_status":"open","template":"","meta":[],"_links":{"self":[{"href":"https:\/\/www.amus-campina.ro\/index.php?rest_route=\/wp\/v2\/pages\/34"}],"collection":[{"href":"https:\/\/www.amus-campina.ro\/index.php?rest_route=\/wp\/v2\/pages"}],"about":[{"href":"https:\/\/www.amus-campina.ro\/index.php?rest_route=\/wp\/v2\/types\/page"}],"author":[{"embeddable":true,"href":"https:\/\/www.amus-campina.ro\/index.php?rest_route=\/wp\/v2\/users\/1"}],"replies":[{"embeddable":true,"href":"https:\/\/www.amus-campina.ro\/index.php?rest_route=%2Fwp%2Fv2%2Fcomments&post=34"}],"version-history":[{"count":4,"href":"https:\/\/www.amus-campina.ro\/index.php?rest_route=\/wp\/v2\/pages\/34\/revisions"}],"predecessor-version":[{"id":157,"href":"https:\/\/www.amus-campina.ro\/index.php?rest_route=\/wp\/v2\/pages\/34\/revisions\/157"}],"wp:attachment":[{"href":"https:\/\/www.amus-campina.ro\/index.php?rest_route=%2Fwp%2Fv2%2Fmedia&parent=34"}],"curies":[{"name":"wp","href":"https:\/\/api.w.org\/{rel}","templated":true}]}}