{"id":57,"date":"2013-08-08T20:48:00","date_gmt":"2013-08-08T20:48:00","guid":{"rendered":"http:\/\/www.amus-campina.ro\/?page_id=57"},"modified":"2013-09-22T16:19:50","modified_gmt":"2013-09-22T14:19:50","slug":"inspector-securitate-si-sanatate-in-munca","status":"publish","type":"page","link":"https:\/\/www.amus-campina.ro\/?page_id=57","title":{"rendered":"INSPECTOR SECURITATE SI SANATATE IN MUNCA"},"content":{"rendered":"<p style=\"text-align: justify;\"><strong><span style=\"color: #ff0000;\">CURS INSPECTOR \u00ceN DOMENIUL SECURIT\u0102\u0162II \u015eI S\u0102N\u0102T\u0102\u0162II \u00ceN MUNC\u0102<\/span><\/strong><\/p>\n<p style=\"text-align: justify;\"><strong><span style=\"color: #ff0000;\">DESCRIEREA OCUPA\u0162IEI<\/span><\/strong><\/p>\n<p style=\"text-align: justify;\"><b>Inspectorul \u00een domeniul securit\u0103\u0163ii \u015fi s\u0103n\u0103t\u0103\u0163ii \u00een munc\u0103<\/b> \u00ee\u015fi desf\u0103\u015foar\u0103 activitatea \u00een cadrul serviciilor interne\/ externe de prevenire \u015fi protec\u0163ie sau ca lucr\u0103tor\/ angajator care se ocup\u0103 de activit\u0103\u0163ile de prevenire \u015fi protec\u0163ie din orice organiza\u0163ie, precum \u015fi \u00een alte condi\u0163ii stabilite de reglement\u0103rile legale.<br \/>\nInspectorul \u00een domeniul securit\u0103\u0163ii \u015fi s\u0103n\u0103t\u0103\u0163ii \u00een munc\u0103 \u00eendepline\u015fte urm\u0103toarele func\u0163ii majore:<br \/>\n&#8211; Realizarea activit\u0103\u0163ilor de prevenire \u015fi protec\u0163ie.<br \/>\n&#8211; Efectuarea inform\u0103rii\/ instruirii \u00een domeniul securit\u0103\u0163ii \u015fi s\u0103n\u0103t\u0103\u0163ii \u00een munc\u0103.<br \/>\n&#8211; Prevenirea accidentelor de munc\u0103 \u015fi a \u00eemboln\u0103virilor profesionale.<br \/>\n&#8211; Participarea la cercetarea evenimentelor care produc incapacitate temporar\u0103 de munc\u0103.<br \/>\n&#8211; Verificarea respect\u0103rii prevederilor legale \u00een domeniul securit\u0103\u0163ii \u015fi s\u0103n\u0103t\u0103\u0163ii \u00een munc\u0103.<\/p>\n<p style=\"text-align: justify;\"><strong><span style=\"color: #ff0000;\">C\u00c2T DUREAZ\u0102 CURSUL ?<\/span><\/strong><\/p>\n<p style=\"text-align: justify;\">Cursul dureaz\u0103 2 luni \u015fi cuprinde urm\u0103toarele competen\u0163e:<\/p>\n<p style=\"text-align: justify;\">Competen\u0163e cheie:<\/p>\n<ul style=\"text-align: justify;\">\n<li>1. Comunicare \u00een limba oficial\u0103<\/li>\n<li>2. Competen\u0163e de baz\u0103 \u00een matematic\u0103, \u015ftiin\u0163\u0103 \u015fi tehnologie<\/li>\n<li>3. Competen\u0163a de a \u00eenv\u0103\u0163a<\/li>\n<li>4. Competen\u0163e sociale \u015fi civice<\/li>\n<\/ul>\n<p style=\"text-align: justify;\"><strong>Competen\u0163e generale:<\/strong><\/p>\n<ul style=\"text-align: justify;\">\n<li>1. Dezvoltarea profesional\u0103<\/li>\n<li>2. Planificarea activit\u0103\u0163ilor proprii<\/li>\n<\/ul>\n<p style=\"text-align: justify;\"><strong>Competen\u0163e specifice:<\/strong><\/p>\n<ul style=\"text-align: justify;\">\n<li>1. Realizarea activit\u0103\u0163ilor de prevenire \u015fi protec\u0163ie<\/li>\n<li>2. Realizarea semnaliz\u0103rii de securitate \u015fi\/ sau de s\u0103n\u0103tate la locurile de munc\u0103<\/li>\n<li>3. Instruirea lucr\u0103torilor \u00een domeniul securit\u0103\u0163ii \u015fi s\u0103n\u0103t\u0103\u0163ii \u00een munc\u0103<\/li>\n<li>4. Informarea lucr\u0103torilor \u00een domeniul securit\u0103\u0163ii \u015fi s\u0103n\u0103t\u0103\u0163ii \u00een munc\u0103<\/li>\n<li>5. Stabilirea mijloacelor materiale \u015fi tehnice necesare securit\u0103\u0163ii \u015fi s\u0103n\u0103t\u0103\u0163ii \u00een munc\u0103<\/li>\n<li>6. Prevenirea accidentelor de munc\u0103 \u015fi a \u00eemboln\u0103virilor profesionale<\/li>\n<li>7. Participarea la cercetarea evenimentelor care produc incapacitate temporar\u0103 de munc\u0103<\/li>\n<li>8. Verificarea respect\u0103rii prevederilor legale \u00een domeniul securit\u0103\u0163ii \u015fi s\u0103n\u0103t\u0103\u0163ii \u00een munc\u0103<\/li>\n<li>9. Monitorizarea activit\u0103\u0163ilor de evacuare \u015fi interven\u0163ie \u00een situa\u0163ii de urgen\u0163\u0103<\/li>\n<\/ul>\n<p style=\"text-align: justify;\"><strong><span style=\"color: #ff0000;\">DE CE INSPECTOR \u00ceN DOMENIUL SECURIT\u0102\u0162II \u015eI S\u0102N\u0102T\u0102\u0162II \u00ceN MUNC\u0102<\/span><\/strong><\/p>\n<p style=\"text-align: justify;\"><strong>Inspectorul \u00een domeniul securit\u0103\u0163ii \u015fi s\u0103n\u0103t\u0103\u0163ii \u00een munc\u0103<\/strong>, \u00ee\u015fi desf\u0103\u015foar\u0103 activitatea \u00een cadrul serviciilor interne\/ externe de prevenire \u015fi protec\u0163ie sau ca lucr\u0103tor\/ angajator care se ocup\u0103 de activit\u0103\u0163ile de prevenire \u015fi protec\u0163ie din orice organiza\u0163ie, precum \u015fi \u00een alte condi\u0163ii stabilite de reglement\u0103rile legale. Activitatea acestuia se desf\u0103\u015foar\u0103 at\u00e2t \u00een locuri de munc\u0103 aflate \u00een spa\u0163ii \u00eenchise (birou, spa\u0163ii de produc\u0163ie), c\u00e2t \u015fi \u00een cele aflate \u00een spa\u0163ii deschise. Securitatea \u015fi s\u0103n\u0103tatea \u00een munc\u0103 reprezint\u0103 ansamblul de activit\u0103\u0163i institu\u0163ionalizate av\u00e2nd ca scop asigurarea celor mai bune condi\u0163ii \u00een desf\u0103\u015furarea procesului de munc\u0103, ap\u0103rarea vie\u0163ii, integrit\u0103\u0163ii fizice \u015fi psihice, s\u0103n\u0103t\u0103\u0163ii lucr\u0103torilor \u015fi a altor persoane participante la procesul de munc\u0103. Inspectorul \u00een domeniul securit\u0103\u0163ii \u015fi s\u0103n\u0103t\u0103\u0163ii \u00een munc\u0103 se ocup\u0103 de activit\u0103\u0163ile de protec\u0163ie \u015fi de activit\u0103\u0163ile de prevenire a riscurilor profesionale din \u00eentreprindere, \u00een conformitate cu prevederile legale. Inspectorul \u00een domeniul.<\/p>\n","protected":false},"excerpt":{"rendered":"<p>CURS INSPECTOR \u00ceN DOMENIUL SECURIT\u0102\u0162II \u015eI S\u0102N\u0102T\u0102\u0162II \u00ceN MUNC\u0102 DESCRIEREA OCUPA\u0162IEI Inspectorul \u00een domeniul securit\u0103\u0163ii \u015fi s\u0103n\u0103t\u0103\u0163ii \u00een munc\u0103 \u00ee\u015fi desf\u0103\u015foar\u0103 activitatea \u00een cadrul serviciilor interne\/ externe de prevenire \u015fi protec\u0163ie sau ca lucr\u0103tor\/ angajator care se ocup\u0103 de activit\u0103\u0163ile de prevenire \u015fi protec\u0163ie din orice organiza\u0163ie, precum \u015fi \u00een alte condi\u0163ii stabilite de reglement\u0103rile &hellip; <a href=\"https:\/\/www.amus-campina.ro\/?page_id=57\" class=\"more-link\">Cite\u0219te \u00een continuare <span class=\"screen-reader-text\">INSPECTOR SECURITATE SI SANATATE IN MUNCA<\/span> <span class=\"meta-nav\">&rarr;<\/span><\/a><\/p>\n","protected":false},"author":1,"featured_media":0,"parent":22,"menu_order":6,"comment_status":"open","ping_status":"open","template":"","meta":[],"_links":{"self":[{"href":"https:\/\/www.amus-campina.ro\/index.php?rest_route=\/wp\/v2\/pages\/57"}],"collection":[{"href":"https:\/\/www.amus-campina.ro\/index.php?rest_route=\/wp\/v2\/pages"}],"about":[{"href":"https:\/\/www.amus-campina.ro\/index.php?rest_route=\/wp\/v2\/types\/page"}],"author":[{"embeddable":true,"href":"https:\/\/www.amus-campina.ro\/index.php?rest_route=\/wp\/v2\/users\/1"}],"replies":[{"embeddable":true,"href":"https:\/\/www.amus-campina.ro\/index.php?rest_route=%2Fwp%2Fv2%2Fcomments&post=57"}],"version-history":[{"count":6,"href":"https:\/\/www.amus-campina.ro\/index.php?rest_route=\/wp\/v2\/pages\/57\/revisions"}],"predecessor-version":[{"id":155,"href":"https:\/\/www.amus-campina.ro\/index.php?rest_route=\/wp\/v2\/pages\/57\/revisions\/155"}],"up":[{"embeddable":true,"href":"https:\/\/www.amus-campina.ro\/index.php?rest_route=\/wp\/v2\/pages\/22"}],"wp:attachment":[{"href":"https:\/\/www.amus-campina.ro\/index.php?rest_route=%2Fwp%2Fv2%2Fmedia&parent=57"}],"curies":[{"name":"wp","href":"https:\/\/api.w.org\/{rel}","templated":true}]}}