{"id":95,"date":"2013-08-09T08:44:12","date_gmt":"2013-08-09T08:44:12","guid":{"rendered":"http:\/\/www.amus-campina.ro\/?page_id=95"},"modified":"2013-09-22T16:05:27","modified_gmt":"2013-09-22T14:05:27","slug":"inscriere-centrul-de-formare-profesionala","status":"publish","type":"page","link":"https:\/\/www.amus-campina.ro\/?page_id=95","title":{"rendered":"INSCRIERE CENTRUL DE FORMARE PROFESIONALA"},"content":{"rendered":"<p><span style=\"color: #ff0000;\"><strong>CUM M\u0102 \u00ceNSCRIU ?<\/strong><\/span><\/p>\n<p>\u00censcrierile pentru cursurile de calificare, respectiv specializare\/ perfec\u0163ionare \u00een cadrul CENTRULUI DE FORMARE PROFESIONAL\u0102 AMUS \u00a0se fac la sediu, adresa: BULEVARDUL NICOLAE B\u0102LCESCU NR. 5, MUNICIPIUL C\u00c2MPINA, \u00een cartierul Slobozia.<\/p>\n<p>Pentru \u00eenscriere sunt necesare urm\u0103toarele acte:<\/p>\n<p>&#8211;\u00a0\u00a0\u00a0\u00a0\u00a0\u00a0\u00a0\u00a0<strong>\u00a0 Copie carte\/ buletin de identitate<\/strong><\/p>\n<p><strong>&#8211;\u00a0\u00a0\u00a0\u00a0\u00a0\u00a0\u00a0\u00a0\u00a0 Copie certificat de na\u015ftere<\/strong><\/p>\n<p><strong>&#8211;\u00a0\u00a0\u00a0\u00a0\u00a0\u00a0\u00a0\u00a0\u00a0 Copie certificat de c\u0103s\u0103torie (dac\u0103 este cazul)<\/strong><\/p>\n<p><strong>&#8211; \u00a0 \u00a0 \u00a0 \u00a0 \u00a0Copie diploma de bacalaureat sau adeverin\u0163a de absolvire 12 clase<\/strong><\/p>\n<p><strong>&#8211;\u00a0\u00a0\u00a0\u00a0\u00a0\u00a0\u00a0\u00a0\u00a0 Adeverin\u0163a de la medicul de familie<\/strong><\/p>\n<p><strong>&#8211;\u00a0\u00a0\u00a0\u00a0\u00a0\u00a0\u00a0\u00a0\u00a0 2 fotografii tip diplom\u0103<\/strong><\/p>\n<p><strong>&#8211;\u00a0\u00a0\u00a0\u00a0\u00a0\u00a0\u00a0\u00a0\u00a0 Cerere de \u00eenscriere (se completeaz\u0103 la secretariatul \u015fcolii)<\/strong><\/p>\n<p><strong>&#8211;\u00a0\u00a0\u00a0\u00a0\u00a0\u00a0\u00a0\u00a0\u00a0 Taxa de \u00eenscriere (se pl\u0103te\u015fte la caseria \u015fcolii)<\/strong><\/p>\n<p>Informa\u0163ii suplimentare la telefon: 0244 374 942 sau 0766 284 915 \/ 0766 284 916<\/p>\n","protected":false},"excerpt":{"rendered":"<p>CUM M\u0102 \u00ceNSCRIU ? \u00censcrierile pentru cursurile de calificare, respectiv specializare\/ perfec\u0163ionare \u00een cadrul CENTRULUI DE FORMARE PROFESIONAL\u0102 AMUS \u00a0se fac la sediu, adresa: BULEVARDUL NICOLAE B\u0102LCESCU NR. 5, MUNICIPIUL C\u00c2MPINA, \u00een cartierul Slobozia. Pentru \u00eenscriere sunt necesare urm\u0103toarele acte: &#8211;\u00a0\u00a0\u00a0\u00a0\u00a0\u00a0\u00a0\u00a0\u00a0 Copie carte\/ buletin de identitate &#8211;\u00a0\u00a0\u00a0\u00a0\u00a0\u00a0\u00a0\u00a0\u00a0 Copie certificat de na\u015ftere &#8211;\u00a0\u00a0\u00a0\u00a0\u00a0\u00a0\u00a0\u00a0\u00a0 Copie certificat de &hellip; <a href=\"https:\/\/www.amus-campina.ro\/?page_id=95\" class=\"more-link\">Cite\u0219te \u00een continuare <span class=\"screen-reader-text\">INSCRIERE CENTRUL DE FORMARE PROFESIONALA<\/span> <span class=\"meta-nav\">&rarr;<\/span><\/a><\/p>\n","protected":false},"author":1,"featured_media":0,"parent":22,"menu_order":0,"comment_status":"open","ping_status":"open","template":"","meta":[],"_links":{"self":[{"href":"https:\/\/www.amus-campina.ro\/index.php?rest_route=\/wp\/v2\/pages\/95"}],"collection":[{"href":"https:\/\/www.amus-campina.ro\/index.php?rest_route=\/wp\/v2\/pages"}],"about":[{"href":"https:\/\/www.amus-campina.ro\/index.php?rest_route=\/wp\/v2\/types\/page"}],"author":[{"embeddable":true,"href":"https:\/\/www.amus-campina.ro\/index.php?rest_route=\/wp\/v2\/users\/1"}],"replies":[{"embeddable":true,"href":"https:\/\/www.amus-campina.ro\/index.php?rest_route=%2Fwp%2Fv2%2Fcomments&post=95"}],"version-history":[{"count":4,"href":"https:\/\/www.amus-campina.ro\/index.php?rest_route=\/wp\/v2\/pages\/95\/revisions"}],"predecessor-version":[{"id":149,"href":"https:\/\/www.amus-campina.ro\/index.php?rest_route=\/wp\/v2\/pages\/95\/revisions\/149"}],"up":[{"embeddable":true,"href":"https:\/\/www.amus-campina.ro\/index.php?rest_route=\/wp\/v2\/pages\/22"}],"wp:attachment":[{"href":"https:\/\/www.amus-campina.ro\/index.php?rest_route=%2Fwp%2Fv2%2Fmedia&parent=95"}],"curies":[{"name":"wp","href":"https:\/\/api.w.org\/{rel}","templated":true}]}}